531?
11
What is the greatest common divisor of 1005 and 33822069?
201
What is the highest common divisor of 654 and 74843542?
218
What is the greatest common factor of 1442 and 4753336?
14
Calculate the greatest common divisor of 77659615 and 2530.
1265
What is the highest common divisor of 5560 and 36253980?
2780
Calculate the greatest common divisor of 229663 and 109.
109
What is the greatest common divisor of 523772 and 41884?
148
Calculate the greatest common divisor of 31943 and 11319096.
1879
What is the highest common factor of 1558 and 241654?
82
Calculate the greatest common divisor of 65 and 1811965.
5
What is the greatest common factor of 1816 and 29831659?
227
Calculate the greatest common divisor of 272986 and 1489166.
238
Calculate the highest common factor of 83356 and 1472012.
916
What is the greatest common divisor of 6009161 and 5?
1
What is the highest common factor of 2365869 and 4389?
33
What is the greatest common factor of 2007 and 4383957?
669
Calculate the greatest common factor of 1068 and 353953.
89
Calculate the highest common factor of 21866 and 6963567.
377
What is the greatest common factor of 20648 and 6245614?
58
Calculate the highest common factor of 154 and 303478.
14
Calculate the highest common divisor of 5187635 and 29240.
85
What is the greatest common factor of 22 and 7489834?
22
Calculate the greatest common divisor of 51117 and 83259.
33
Calculate the highest common divisor of 60 and 2574060.
60
What is the highest common divisor of 336 and 123602288?
16
What is the greatest common factor of 388517 and 107?
107
What is the highest common divisor of 13233 and 1351605387?
13233
Calculate the highest common factor of 4470 and 5603890.
1490
What is the greatest common divisor of 16320 and 337416?
408
What is the highest common factor of 8104 and 72153964?
4052
What is the highest common factor of 15867 and 2099862?
387
What is the highest common factor of 12533 and 268090?
83
What is the highest common factor of 5215526 and 161?
23
Calculate the highest common factor of 433680 and 9048.
312
Calculate the highest common divisor of 17394229 and 21518.
1537
What is the greatest common divisor of 2438 and 358800?
46
Calculate the highest common factor of 138439 and 1302.
7
Calculate the highest common divisor of 785026 and 1548734.
374
Calculate the highest common divisor of 32028 and 115968.
12
What is the highest common divisor of 277885824 and 24?
24
Calculate the greatest common factor of 630 and 1786792.
14
What is the greatest common factor of 875875 and 45175?
325
What is the greatest common divisor of 24720 and 699267?
309
Calculate the highest common factor of 1004652 and 172044.
2124
Calculate the highest common divisor of 1620 and 2866410.
90
What is the highest common divisor of 289416 and 12462?
186
Calculate the highest common factor of 718642247 and 5749.
5749
What is the greatest common factor of 356 and 712801?
89
What is the highest common divisor of 1822 and 25275695?
911
Calculate the highest common factor of 1282365 and 5754.
21
Calculate the highest common factor of 35 and 9834832.
7
What is the greatest common factor of 3466305 and 1875?
15
What is the highest common factor of 2446 and 235053262?
2446
What is the greatest common factor of 299270600 and 200?
200
What is the greatest common factor of 6230560 and 104?
8
Calculate the highest common factor of 12374824 and 476.
28
What is the greatest common factor of 996 and 19596612?
12
Calculate the highest common factor of 32895 and 2418363.
387
What is the greatest common factor of 1111608 and 276?
12
Calculate the greatest common divisor of 17758 and 5640214.
1366
What is the highest common divisor of 1152 and 988928?
128
Calculate the highest common divisor of 230 and 115346035.
115
Calculate the highest common divisor of 22500 and 276625.
125
Calculate the highest common factor of 254 and 209818478.
254
Calculate the greatest common factor of 44942 and 76337.
23
Calculate the greatest common divisor of 3612 and 631326.
258
Calculate the greatest common factor of 3263 and 3860631.
251
What is the highest common divisor of 2947800 and 255?
255
What is the greatest common divisor of 148338 and 73800?
738
What is the greatest common divisor of 12847639 and 115?
23
What is the highest common factor of 927 and 918441?
9
What is the highest common factor of 275555472 and 113?
113
Calculate the greatest common factor of 280248959 and 67208.
8401
What is the highest common factor of 2260 and 321940?
20
What is the highest common divisor of 10955 and 36715?
35
What is the highest common factor of 20 and 34022420?
20
Calculate the greatest common factor of 2552 and 70712092.
1276
What is the highest common factor of 774 and 9010564?
86
Calculate the highest common factor of 20600 and 390200.
200
Calculate the greatest common divisor of 16120 and 82385290.
4030
What is the highest common divisor of 4115785 and 615?
205
Calculate the greatest common factor of 17545653 and 1506.
753
Calculate the highest common divisor of 1608 and 6599472.
24
What is the greatest common divisor of 11267 and 31958?
19
Calculate the greatest common divisor of 2066288 and 3168592.
2128
What is the greatest common factor of 5103 and 166467?
21
What is the highest common factor of 93498874 and 28?
14
What is the greatest common factor of 51513 and 180180?
231
Calculate the greatest common divisor of 209 and 2637228.
11
Calculate the greatest common factor of 4093960 and 3640.
520
Calculate the greatest common divisor of 132 and 13967484.
12
Calculate the greatest common factor of 30829896 and 12393.
243
What is the highest common divisor of 18375112 and 56?
56
What is the greatest common factor of 91518 and 45297?
21
What is the highest common divisor of 432 and 45069264?
432
What is the highest common divisor of 9464367 and 9735?
1947
Calculate the highest common factor of 167388784 and 912.
304
What is the greatest common divisor of 8604 and 8295212?
956
Calculate the greatest common factor of 6477366 and 912.
114
Calculate the greatest common divisor of 1431651 and 26.
13
Calculate the greatest common factor of 246 and 620904.
246
What is the greatest common divisor of 13371 and 456?
3
Calculate the highest common divisor of 548013128 and 254.
254
What is the highest common factor of 27390 and 23418?
6
What is the greatest common divisor of 494562 and 574617?
1779
Calculate the highest common factor of 9 and 12753603.
9
What is the greatest common divisor of 70756023 and 1768?
221
Calculate the greatest common factor of 16 and 16586672.
16
What is the greatest common divisor of 1051352 and 4896?
8
What is the highest common factor of 792252 and 38232?
2124
What is the highest common divisor of 7098529 and 199?
199
What is the greatest common factor of 120 and 1370370?
30
What is the greatest common divisor of 24925379 and 446?
223
What is the highest common factor of 11232629 and 2078?
1039
Calculate the greatest common factor of 1130093676 and 2004.
2004
Calculate the greatest common factor of 8958 and 16101.
3
What is the greatest common factor of 9800 and 86920855?
245
Calculate the greatest common factor of 516 and 51097846.
86
Calculate the greatest common divisor of 70 and 16877140.
70
Calculate the highest common factor of 2652 and 38532.
156
What is the greatest common divisor of 732 and 3539708?
244
What is the greatest common divisor of 40 and 65819480?
40
What is the greatest common factor of 1015 and 16369115?
35
Calculate the highest common divisor of 533151 and 69.
3
Calculate the highest common factor of 1369 and 1058385.
37
What is the highest common divisor of 380 and 99840?
20
What is the highest common divisor of 1798738021 and 29?
29
Calculate the greatest common divisor of 71982 and 107838.
54
What is the highest common divisor of 42252 and 19664785?
3521
Calculate the highest common divisor of 116 and 906833509.
29
What is the greatest common divisor of 39 and 36019386?
39
What is the greatest common factor of 668 and 68030122?
334
Calculate the highest common factor of 590722 and 363605.
121
What is the highest common factor of 2582804275 and 79?
79
What is the highest common factor of 10279045 and 3220?
805
What is the greatest common fac